hat is (6 - 1) + -181 + 199 - 12?
11
0 + 0 + -2 - (-74 + -76 + 160)
-12
Evaluate -13 + -2 + 74 + -69.
-10
-11 - (-5 + (19 - 22) - 12)
9
Calculate -20 - (-10 - (-22 + (-8 - -3 - -12))).
-25
Evaluate 11 + -1 + 2 + -21 + (-22 - -45).
14
Calculate 2 + -2 + 3 - ((-20 - -6) + 14).
3
What is the value of -4 - (0 - 15 - (179 - 195))?
-5
(8 - (-14 - -5)) + -23
-6
What is 2628 - 2626 - (-1 - 1 - (4 - 6))?
2
What is -2 - 3 - (48 - 59)?
6
Calculate 52 + (5 - 57) - (2 - (2 - 5)).
-5
Evaluate 8 - ((17 - (13 + -4)) + -1) - 15.
-14
What is the value of 9 - (-16 - -10 - -25 - 6)?
-4
What is the value of (-5 - (-30 + 5)) + -9?
11
Calculate 1 + (-11 - 3) + 55 + -58.
-16
What is the value of (0 - 3) + -86 + 88?
-1
Evaluate -10 - (-6 - -1 - (-3 - (-9 + 4))).
-3
Calculate -27 + 12 + (88 - 47).
26
What is 67 + -73 - (-13 - 1 - -1)?
7
Calculate -1 + (-10 + 14 - 15).
-12
-18 + (-1 - -13) + (0 - -1) - 3
-8
What is ((9 - 12) + -2 - 14) + 13?
-6
Calculate 22 + -48 + (-21 - -39).
-8
(1 - (10 - 18)) + -8 + (0 - -7)
8
-10 - (46 + -72 + 34)
-18
Calculate -1 + 16 + -9 + -12 - -26.
20
Calculate -9 - (4 - -5 - (22 + -2)).
2
Evaluate (-2 - 7) + (0 - (-4 + 6)) + 4.
-7
What is -651 + 648 - (-14 - (-4 - -3))?
10
What is 122 - 150 - (-26 - 2)?
0
What is -2 + (-3 - (0 - (-7 - -4)))?
-8
What is 20 + -18 - (8 + -2 - -1)?
-5
What is the value of (2 - (-8 - -7)) + -2 - (-1 - -4)?
-2
(19 - -4) + -6 - (12 + -6)
11
What is the value of (0 - (3 + -6)) + -5 + 6?
4
5 + (-5 - -8) + -11 + 14
11
What is the value of -72 - -82 - ((-5 - (1 + -3)) + -2)?
15
Calculate -23 - (-10 + (32 - 24)).
-21
7 + 1 + -47 + 32 + (0 - 4)
-11
What is -6 + 21 + -8 + 3 - (-1 + 5)?
6
(4 - 8) + (26 - 2) + (20 - 24)
16
27 - (35 + 0) - (0 + -6)
-2
What is the value of (-18 + 5 - 3) + 9 - -4?
-3
Calculate 25 - 3 - 15 - (0 + 1).
6
What is 49 - (-25 - -50) - ((-3 - 2) + -2)?
31
Calculate 8 + -2 + (-9 + 14 - 13).
-2
What is the value of (19 - (32 - 17)) + (1 - (-5 + -1))?
11
Calculate 6 - (-15 - (-15 - -21 - 17)).
10
Evaluate 0 + -14 - (-8 - -1) - -9.
2
8 + 32 + 14 + -45
9
Calculate (139 - 141) + (-1 - -3).
0
Evaluate 1 + -56 - (170 + -200).
-25
Calculate (-13 - -15) + -2 + 4.
4
Evaluate -2 + 8 + -6 + (-25 - -27).
2
What is 8 + -3 + (-26 - -13)?
-8
Evaluate (-8 - 1) + -189 + 187 - -22.
11
(-19 - -11 - -4) + 2 + 9 - 20
-13
Evaluate 10 - 1 - (172 - 165 - (2 - 1)).
3
Evaluate -26 + (16 - 13) - -12.
-11
Evaluate (10 - (-15 - -33) - 0) + -11 + -1.
-20
What is the value of 3 - (16 + -16 - (9 + -2))?
10
What is 46 + -32 - ((-2 - 3) + -3 - -2)?
20
What is the value of 8 - (-7 + 5 + 10)?
0
Calculate -39 + 27 + 12 - (-4 + -1).
5
Calculate 11 + (-11 - ((7 - 7) + 5)).
-5
(21 - 6 - (7 - -3 - 3)) + 2
10
What is -3 + -20 + 50 + -10?
17
What is -6 + (-1 - 2 - -14) - -2?
7
What is the value of -31 + (44 - -19) - 52?
-20
Calculate (38 + -1 - -4) + 0 + -14 + 4.
31
What is the value of (0 - 13) + (84 + -38 - 34)?
-1
Calculate -6 + (28 - 28 - (-2 + (1 - -2))).
-7
Calculate 2 + 8 + 0 + -15 - 7.
-12
Calculate -9 + -2 + 3 + -8 + 0 + -4.
-20
Evaluate 0 + 13 + -16 - ((17 - 0) + 4).
-24
What is (-2 - 4) + -4 - -6 - -3?
-1
Evaluate -22 + -4 + 33 + (-8 - -1).
0
Calculate -3 + 12 - -30 - 74.
-35
(9 - (-6 + 11)) + -12 - -3
-5
11 - (-3 + 41 + -17)
-10
What is the value of (2 - 5 - -1 - 1) + 15 + -14?
-2
What is 16 + (331 - 329 - (-10 + -1))?
29
What is 32 + (-12 - (12 + -13)) + 4?
25
Evaluate 9 + 7 + 1 + 0 + -13 + 3.
7
Evaluate -9 + 4 + 2 + -13.
-16
22 + (7 - (-1 + 7 + -10 + 10))
23
Evaluate -27 + (6 - (24 + -33)).
-12
-11 + 6 + (-1 - (8 + -3)) - -2
-9
What is 1 + -1 + (-6 - (-6 + 1 + 4))?
-5
What is the value of (-4 - 3) + 4 - (9 + (5 - 12))?
-5
Evaluate 2 - 0 - (9 - (-20 - -21)).
-6
-57 - -79 - (58 + 4)
-40
Calculate -9 + -3 + (26 - -2) - 22.
-6
What is the value of -1 - -42 - (30 - 27) - 15?
23
What is 2 - -6 - (-8 + (-6 - -23))?
-1
What is (199 - 203) + 7 + -1?
2
Calculate 36 + 0 + (4 - (60 - 53)).
33
What is the value of -21 + -4 + 29 - (2 + -1 - 6)?
9
Calculate -157 - -148 - (4 - 2).
-11
What is the value of -28 - (28 + -10 + -5 + -28)?
-13
Evaluate -22 + -10 + 19 + 0 + -2.
-15
Evaluate 4 + 10 + 6 + -10.
10
Evaluate (-3 - -1) + 0 + -1 + 0 - 8.
-11
What is the value of 2 + (-7 - (-14 + -6 + 2 + -1))?
14
34 + (5 - 5) + 1
35
What is the value of 489 + -486 + 13 + 1?
17
Evaluate -9 - -15 - 8 - (-4 + -19 + -1).
22
Calculate (-13 - (-45 - -53)) + (0 - -43).
22
What is 3 + -4 + (5 - 22) + (3 - 3)?
-18
Evaluate -6 + -27 + 23 + 8.
-2
Evaluate (-5 - 0) + (-16 - (16 + -20)) + 6.
-11
Evaluate 6 + (-2 - (-6 + (14 - 7 - 4))).
7
-8 + (-7 + 1 - (1 - -1 - 13))
-3
7 + -9 - -1 - (0 + 9)
-10
What is -4 - 2 - (109 + -104 + (-2 - 1))?
-8
Evaluate -3 + (8 - 9 - 8).
-12
-6 - -5 - (-14 - 0)
13
Evaluate 16 + -6 - -6 - (2 + (7 - 9)).
16
What is the value of (-16 - (0 - (8 + (6 - 10)))) + 24?
12
(1 - 6) + (49 - (36 + 23))
-15
What is (10 - 9) + -1 + (2 + -7 - 8)?
-13
What is the value of -1 - (-6 - 1) - (-8721 + 8726)?
1
Calculate -15 + (-14 - (8 + -17)).
-20
What is the value of 34 + (1 + 0 - 30)?
5
Calculate (-14 - -2) + (-9 - -15).
-6
Calculate -82 + 93 - (0 + 13).
-2
What is 1 - 38 - (76 - 88)?
-25
Evaluate -3 + -11 + 7 + -11 + 1.
-17
(6 - 13) + -4 + (-13 - -6 - -6)
-12
Calculate -31 + 6 + (11 - -8).
-6
What is 5 - ((0 - -3) + (-22 - -46 - 40))?
18
What is 3 - (-3 - -29) - (-4 - 1)?
-18
What is the value of 2 - 10 - (6 - 16 - -6)?
-4
7 - -8 - (-30 + 40)
5
Evaluate -6 + 12 + (1 - (6 + -4)).
5
-11 + (7 - (2 - 2) - 8 - -6)
-6
(-25 - -13 - -23) + 6 + -19
-2
What is the value of 33 - (9 + 22 + -19 - 11)?
32
-2 - ((0 - 0 - -7) + -3)
-6
(44 - -41) + -40 + (1 - 20)
26
What is the value of 3 - (-10 - (-8 + 8)) - 6?
7
Evaluate 24 + (-8 - (16 - 19)) + (0 - 6).
13
What is the value of 288 + -275 + -3 + -2 + 2 + 0?
10
What is the value of -3 + (39 + -35 - (0 - -15))?
-14
2321 + -2292 - (-1 + (13 - 2) + 2)
17
Calculate -13 + 2 + (27 - 4).
12
What is the value of -4 - (0 + -3) - (-94 - -98)?
-5
-1 + (-2 - ((2 - -1) + -4)) - -4
2
Evaluate (-148 - -146) + (-2 - 21 - 0).
-25
Calculate -20 + -1 + 2 + 0 + 4.
-15
Calculate 245 + -237 - (0 - -3 - 12).
17
What is 6 + (-11 + 8 - -1) + 0 - 16?
-12
Calculate (-8 - (-7 - -4)) + 21 - 40.
-24
-8 + (-1 - 13 - (-56 + 48))
-14
Evaluate 3 + (-9 + 9 - 8 - 5).
-10
Calculate -19 + (-7 - (-12 + 0 - 1)).
-13
Calculate 3 + (4 - (-10 - -7)) - (1 - -4).
5
Calculate (-52 - -45 - (-4 + 1)) + 2.
-2
What is -1 + 3 + -2 + 1 - (156 + -147)?
-8
Evaluate (5 - 0) + (17 + -35 + 4 - -20).
11
Calculate -50 + (-21 - (-24 + -25)).
-22
What is -17 - (-2 + (-10 + 2 - -2))?
-9
Evaluate 4 + -1 + 13 + 4 + -15 + 1.
6
Calculate -10 + (-7 - -10) - (-15 - -10) - 35.
-37
-4 - (-12 + 9 + -8)
7
-3 + 2 - (-17 + 23)
-7
Calculate 1 + 8 + 2 + -17 + 13.
7
4 - (-11 + 7 - (1 - (0 + 3)))
6
What is the value of -11 + (-57 + 27 - -42)?
1
What is the value of -1 + (-16 - 0) - (48 + -34 + -22)?
-9
Calculate 22 - (23 - 13 - 0).
12
-4 + 16 - (66 - 60 - (-1 + 12))
17
Evaluate -9 + -11 + 23 + -3.
0
What is 8 - (-25 + 0) - 12?
21
Calculate (-1 + 9 - (0 - 0)) + -16 + 14.
6
-2 + -28 + 16 - (-4 + 2)
-12
What is the value of 0 + 18 + 12 + (10 - 25)?
15
Evaluate -1 - 3 - (-13 + -2).
11
Calculate -3 + -31 + 23 - -18.
7
Evaluate (-20 - -9) + 12 + -19 + -5 + 1.
-22
Evaluate -2 - (-3 + -3 - (6 + -12)) - 6.
-8
Calculate (-27 - (-17 - 2)) + 2 + -7 - 4.
-17
Evaluate 3 - (-2 - -8 - 6) - 16.
-13
-52 + (10 + -30 - -36) - 2
-38
-14 - (5 + (-20 - 13))
14
Evaluate -2 + -7 + 2 + 2 + -9.
-14
Evaluate (1 - -9) + -13 + (5 - 0) + 13.
15
Calculate (-5 - -3 - (-4 - -5)) + 8 + -2.
3
What is -2 + (-2 + (11 - (-1 - -6)) - 8)?
-6
Calculate -9 + 10 + 11 + -8.
4
What is -6 + 9 + 5 + (1 - 1)?
8
What is the value of (1 + -5 + 1 + 8 - 16) + 0?
-11
(-5 - 33) + 30 - -11
3
-16 + (-4 - (-9 - (-2 - -3)))
-10
What is the value of 1 - (-5 + 0) - 1 - (12 - 21)?
14
Calculate 8 + (-1 + 6 - (-9 + (14 - -3))).
5
What is 25 + 2 - (-284 + 323)?
-12
Evaluate (-9 - 1 - (-8 + (2 - 12))) + 5.
13
What is -32 + 35 + -9 + (-1 - 4)?
-11
What is the value of 18 - ((-2 - 7) + (2 - -9))?
16
Calculate -1 - 6 - (-58 - -24 - -24).
3
-1 + -3 + 5 + 15 + -6 + 1
11
Calculate -4 + 9 - (-35 + 87 - 42).
-5
What is (-6 - (1 - -3)) + (-3 - (-2 - 1))?
-10
What is (-9 - -1 - (-42 - -33)) + 2 + -16?
-13
Evaluate (-13 - 8) + 26 - 21.
-16
(-14 - -29) + 10 + 12
37
Calculate 2 +